e factors of 65924/14 + (-728)/49 + 15.
17, 277
Let c = -87 - -673. List the prime factors of c.
2, 293
Suppose 0*l + 12*l = 5028. What are the prime factors of l?
419
Suppose 3*d - 18 = -0*d. Let k(v) = -v - 5. Let r(q) = q + 11. Let o(l) = -5*k(l) - 3*r(l). What are the prime factors of o(d)?
2
Let k be 0 + 2/(8/12). Suppose -28 = -5*n + 2*v, -5*n + 0*v + k*v = -32. Suppose -3*s - 21 = -3*f, 0*f + 22 = n*f + 2*s. List the prime factors of f.
2, 3
Suppose -5*z + 8*z + 5*w - 1645 = 0, -5*z + 2763 = 3*w. What are the prime factors of z?
3, 5, 37
Let l(z) = z**3 - 3*z**2 - 8*z + 1. Let p be l(4). Let s(a) = a**3 + 5*a**2 + 5. Let o be s(-4). Let w = p + o. List the prime factors of w.
2, 3
Let x(z) = 8*z**2 + 70*z - 12. What are the prime factors of x(-13)?
2, 5, 43
Let w = 41 + 14. Let b = w + -24. List the prime factors of b.
31
Suppose -3*k + 5 = 2*k. List the prime factors of (2*k)/(30/915).
61
Let n(y) = 6*y - 8. Let i be n(4). Suppose 7 - i = -3*u. List the prime factors of (6/4)/(u/6).
3
Let v(y) = -y + 10. Let r be v(13). What are the prime factors of (4 - 3)/(r/(-609))?
7, 29
Let f = -606 + 1530. List the prime factors of f.
2, 3, 7, 11
Let f(n) be the third derivative of -n**4/24 + 19*n**3/6 + 10*n**2. What are the prime factors of f(7)?
2, 3
Suppose -100 = -n + 5*g, 2*n - 267 = 4*g - 79. List the prime factors of n.
2, 3, 5
Suppose 0 = -2*s - s + 9. Suppose 4*l - 506 = s*x + 536, -l - 2*x + 266 = 0. List the prime factors of l.
2, 131
Suppose -220 = -2*g - 2*v, -g - 4*g = -2*v - 543. List the prime factors of g.
109
Suppose 5*z - 940 = 3*z. What are the prime factors of z?
2, 5, 47
Suppose -38*b + 19712 = -6*b. What are the prime factors of b?
2, 7, 11
Suppose 2*d + 6*g = 3*g + 116, 0 = -3*g + 12. List the prime factors of d.
2, 13
Let j = 269 - 46. Suppose -j + 43 = -2*m. Suppose -m = a - 3*a. What are the prime factors of a?
3, 5
Let i(k) = 82*k**2 + 2*k - 2. Let c be 3*1/(-6)*-2. List the prime factors of i(c).
2, 41
Let x = -7 + -123. Let f = -73 - x. List the prime factors of f.
3, 19
Suppose -5*n = -g - 4459, -n + 31*g + 871 = 36*g. List the prime factors of n.
3, 11
Let a be (-2)/9 + (-237)/27. Let q be (a/4 + 3)*4. Suppose 30 = q*v - 105. List the prime factors of v.
3, 5
Let i = 560 + -284. What are the prime factors of i?
2, 3, 23
Let b(t) = 35*t - 166. List the prime factors of b(19).
499
Let k be 34 + 3 + (-4 - 0). Suppose -34 = -k*g + 31*g. Let w = 33 - g. What are the prime factors of w?
2
Let r(u) = -u**3 + 4*u**2 + 2*u. Let l be r(4). Suppose -l*p = -5*p - 459. List the prime factors of p.
3, 17
Let i(f) = 15*f**2 + 11*f + 49. List the prime factors of i(-5).
3, 41
Suppose 6 = -5*d + 2*d. List the prime factors of d/(-1)*3/2.
3
Let p be ((-2)/3)/(-1)*69. Let q = 26 + p. What are the prime factors of q?
2, 3
Suppose -31*i = -41*i + 6110. What are the prime factors of i?
13, 47
Let h(s) = 10*s**2 + 2*s. Let r be h(3). Suppose r = a - 8. Suppose 0*l + 4 = -l, -3*z + a = 4*l. What are the prime factors of z?
2, 5
Let t = 76 - 112. What are the prime factors of (-1956)/t + 1/(-3)?
2, 3
Let u(z) = z**3 - 5*z**2 + 6*z + 3. List the prime factors of u(6).
3, 5
Suppose -5*n - 1781 = -2*r, -5*r - 16*n + 12*n = -4370. What are the prime factors of r?
2, 439
Let n(o) = -o**3 - 4*o**2 - 3*o + 1. Let i be n(-3). Suppose l = -2*d - 3, l + 4 = i. Let m(h) = h + 29. What are the prime factors of m(d)?
29
Let b = -52 - -54. Suppose 0 = 3*w - 5*k - 31, -4*w = w - 5*k - 35. Suppose -3*q = -b*v + 61, -3*v + 21 + 78 = -w*q. What are the prime factors of v?
5, 7
Suppose 0 = 3*f - 6*f. Suppose f = -5*k - 22 + 37. What are the prime factors of k?
3
Let f = 598 - 96. What are the prime factors of f?
2, 251
Suppose 9*i = 14*i - 545. Suppose 5*x + i = 404. What are the prime factors of x?
59
Let a = 14 - 26. Let q(x) = -x**2 - 14*x - 1. Let b be q(a). Suppose -2*i + 8 = -h, -2*h = -6*h - 3*i + b. List the prime factors of h.
2
List the prime factors of 34/(-4) + 7 + 28446/12.
23, 103
Let i = 6219 + -4313. List the prime factors of i.
2, 953
Let p be (8/16)/((-2)/32). What are the prime factors of (-397)/p - 6/(-16)?
2, 5
Suppose 4*b + 5*y = 1328, 4*b + 3*y - 1839 = -503. List the prime factors of b.
337
Let p(a) = -a**3 + 66*a**2 + 78*a + 454. What are the prime factors of p(67)?
3, 397
Let h = 341 - 62. List the prime factors of h.
3, 31
Let p = -2258 + 3971. What are the prime factors of p?
3, 571
Let v be (-3)/2*6/9. Let p(y) = 69*y**2. Let r(z) = z**2. Let k(t) = -p(t) + 92*r(t). What are the prime factors of k(v)?
23
Let y = -585 + 780. What are the prime factors of y?
3, 5, 13
Let o be (-4359)/21 + 4/7. Let w = 393 + o. List the prime factors of w.
2, 3, 31
What are the prime factors of (4 + 3 + -4)*1648/24?
2, 103
Let g be -20*(9/2)/(-9). Let j(h) = -5*h - 9. Let y be j(-6). Let b = y - g. What are the prime factors of b?
11
Let c(p) be the first derivative of p**3 - 11*p**2/2 - 19*p + 3. Let y(a) = a**2 - 6*a - 9. Let q(w) = -2*c(w) + 5*y(w). List the prime factors of q(-6).
5
Suppose 4*d + 5*q = 103 + 25, -2*d + 3*q + 42 = 0. List the prime factors of (d*4/(-10))/(9/(-45)).
2, 3
Let i(d) be the third derivative of 0*d - 1/24*d**4 + 14/3*d**3 + 0 + d**2. List the prime factors of i(0).
2, 7
Let k be (-378)/(-99) + (-2)/(-11). Suppose 0 = -0*s - k*s + 16. What are the prime factors of 3 + 1 + s*5?
2, 3
Let p be 0 - 3 - (-16)/(-16). List the prime factors of p/2*(-372)/24.
31
Suppose -18 = -3*l - 6. What are the prime factors of 8/(1 - l/12)?
2, 3
Let m = -361 + 756. What are the prime factors of m?
5, 79
List the prime factors of (-5 + 916/(-8))/((-6)/12).
239
Let w(z) = -439*z - 75. List the prime factors of w(-4).
41
Suppose -4*u = 3*a + 23, 4*a + 5*u = 4*u - 22. Let i = -3 + a. List the prime factors of (-12)/i*46/3.
23
What are the prime factors of (-16)/40 - 1/((-5)/2352)?
2, 5, 47
Suppose -6980 = -23*z + 11489. List the prime factors of z.
11, 73
Let l(z) = 2*z - 3. Let h be l(4). Suppose 4 - 15 = -h*n + o, 4*o + 10 = 3*n. Suppose 3*v - n*u = 21 + 3, 32 = 4*v - u. List the prime factors of v.
2
Suppose 8*q + 1341 - 3733 = 0. What are the prime factors of q?
13, 23
Let l(w) = -w - 2. Let d(k) = k**2 + 2. Let f be d(3). Let u be l(f). Let o = u + 22. List the prime factors of o.
3
Suppose 9*w - 1008 = -2*v + 4*w, v - 504 = w. What are the prime factors of v?
2, 3, 7
Let d(p) = -p**2 - 7*p + 10. Let z be d(-8). Let h = 6 - z. Suppose 2*i + 270 = h*t, -2 + 1 = i. List the prime factors of t.
67
Let d be 9/(-6)*(-716)/3. Let u = d + -192. List the prime factors of u.
2, 83
Suppose 14*v = 10*v + 40. List the prime factors of (v/4)/((-29)/(-1276)).
2, 5, 11
Let m(a) = -2*a**3 - 3*a**2 + 17*a - 11. What are the prime factors of m(-6)?
211
Suppose -71*g + 303282 = 102068. List the prime factors of g.
2, 13, 109
What are the prime factors of 9/(-30) + (-52503)/(-110)?
3, 53
Let h(c) = -2*c**3 + 41*c**2 + 48*c - 1. List the prime factors of h(18).
13, 191
Let a = -18 - -26. Let q(y) = -19*y**2 - 4*y + 1. Let x(w) = 57*w**2 + 11*w - 3. Let l(n) = a*q(n) + 3*x(n). List the prime factors of l(1).
19
Suppose 0 = -2*y + n + 1, 2*y + 1 = -3*n - 2. Let g be -1 - -1 - (y + 0). Suppose 3*d - 37 = -4*r, -3*d + r = -g*d - 17. What are the prime factors of d?
7
Let k be (-1)/(-3) + 370/(-30). Let n = 55 - 2. Let j = n - k. List the prime factors of j.
5, 13
Let t be 5/10 - 1/((-2)/199). Suppose -16 = 4*z, -t = -7*q + 4*q - 5*z. What are the prime factors of q?
2, 5
Let m = -165 - -1297. List the prime factors of m.
2, 283
Let r be (-1)/3*(-18 - 0). Let v be (4/(-10))/(r/(-15)). What are the prime factors of (0 + 0)/v - -20?
2, 5
Let l be (-147)/2*(-2)/(-3). What are the prime factors of 14/2*(-126)/l?
2, 3
Suppose 0 = -j - j + 252. List the prime factors of (21/(-4))/(j/(-120) - -1).
3, 5, 7
Suppose -7 = -2*f + 1. Suppose a - f = 136. List the prime factors of a.
2, 5, 7
Let y(f) = f**3 - 2*f**2 - 5*f - 3. Let h = -3 + 11. Suppose -3*m = -m - h. What are the prime factors of y(m)?
3
Let r = -1 + 1. Let t be (2 - 1*(-5 - -3))*1. Suppose 101 = 2*h + t*u + 35, r = 3*u - 9. What are the prime factors of h?
3
Suppose 1409 + 1343 = 8*m. What are the prime factors of m?
2, 43
Let z(s) = -s**2 + 7*s + 16. Let u be z(9). Let f(o) = o**3 + 7*o**2 + 8*o + 3. Let